 8) to base 2.
10001000
-1224 (base 6) to base 14
-17a
2 (base 3) to base 10
2
Convert 0 (base 3) to base 11.
0
11 (base 4) to base 6
5
Convert -71 (base 12) to base 14.
-61
Convert 4 (base 8) to base 2.
100
-41 (base 7) to base 2
-11101
Convert 10110110 (base 2) to base 15.
c2
Convert -a2 (base 14) to base 7.
-262
b (base 12) to base 11
10
159 (base 11) to base 14
d3
4 (base 15) to base 14
4
4f (base 16) to base 10
79
Convert 1 (base 9) to base 11.
1
Convert 3 (base 12) to base 7.
3
-11200 (base 3) to base 10
-126
Convert -5 (base 16) to base 12.
-5
-3 (base 5) to base 14
-3
What is 88 (base 9) in base 7?
143
Convert 222 (base 5) to base 12.
52
Convert 6 (base 12) to base 6.
10
12 (base 10) to base 14
c
-27 (base 11) to base 7
-41
What is 11 (base 15) in base 10?
16
0 (base 3) to base 10
0
Convert 1b (base 12) to base 14.
19
31 (base 6) to base 13
16
What is 348 (base 10) in base 2?
101011100
-1 (base 7) to base 8
-1
11 (base 3) to base 16
4
Convert 3 (base 12) to base 14.
3
-1 (base 15) to base 3
-1
What is 103 (base 4) in base 16?
13
Convert -70 (base 9) to base 6.
-143
What is 0 (base 16) in base 2?
0
Convert 0 (base 14) to base 5.
0
What is 1000 (base 2) in base 8?
10
Convert 31 (base 13) to base 9.
44
-2 (base 8) to base 11
-2
Convert 10 (base 7) to base 13.
7
-310 (base 5) to base 15
-55
What is 186 (base 10) in base 2?
10111010
Convert -3 (base 9) to base 8.
-3
What is -74 (base 9) in base 16?
-43
Convert 20 (base 12) to base 3.
220
5 (base 10) to base 8
5
Convert 0 (base 8) to base 6.
0
Convert -1 (base 13) to base 4.
-1
What is 5 (base 16) in base 15?
5
-22 (base 3) to base 12
-8
-5 (base 10) to base 9
-5
-3 (base 16) to base 10
-3
What is 2a (base 16) in base 4?
222
Convert -322 (base 4) to base 6.
-134
-12 (base 16) to base 6
-30
What is 17 (base 14) in base 15?
16
What is 43 (base 5) in base 6?
35
e5 (base 16) to base 7
445
What is 10000110 (base 2) in base 16?
86
What is -13 (base 4) in base 3?
-21
What is 110 (base 2) in base 7?
6
-10 (base 4) to base 16
-4
4b (base 15) to base 7
131
-43 (base 5) to base 3
-212
-17 (base 13) to base 2
-10100
What is 0 (base 3) in base 7?
0
What is 0 (base 4) in base 14?
0
What is 12 (base 11) in base 6?
21
Convert -3 (base 8) to base 15.
-3
Convert -45 (base 6) to base 15.
-1e
-2113 (base 4) to base 11
-128
Convert 11001 (base 2) to base 11.
23
What is 35 (base 9) in base 8?
40
What is -30 (base 8) in base 11?
-22
-7 (base 15) to base 13
-7
Convert 20 (base 3) to base 11.
6
What is 31 (base 4) in base 3?
111
What is 42 (base 5) in base 12?
1a
What is 5 (base 12) in base 8?
5
Convert 11 (base 2) to base 6.
3
What is -43 (base 14) in base 8?
-73
-19 (base 13) to base 9
-24
Convert -201 (base 4) to base 11.
-30
Convert -5 (base 10) to base 12.
-5
Convert 0 (base 3) to base 14.
0
Convert 6 (base 14) to base 12.
6
Convert 3 (base 9) to base 5.
3
-2 (base 16) to base 2
-10
What is 1c (base 16) in base 10?
28
What is 29 (base 13) in base 14?
27
What is 28 (base 15) in base 10?
38
What is 6 (base 13) in base 11?
6
What is -1 (base 8) in base 2?
-1
What is -317 (base 8) in base 14?
-10b
Convert 42 (base 9) to base 10.
38
What is 3 (base 6) in base 14?
3
8 (base 13) to base 2
1000
-21 (base 8) to base 4
-101
What is -34 (base 12) in base 16?
-28
Convert -1 (base 14) to base 2.
-1
What is 0 (base 15) in base 7?
0
What is 10 (base 3) in base 5?
3
What is -15 (base 7) in base 3?
-110
-2 (base 9) to base 10
-2
What is -2002 (base 4) in base 9?
-154
Convert -13 (base 4) to base 12.
-7
What is 143 (base 10) in base 2?
10001111
3 (base 7) to base 5
3
Convert -4 (base 11) to base 14.
-4
Convert -71 (base 10) to base 15.
-4b
What is -1 (base 9) in base 13?
-1
0 (base 13) to base 8
0
What is -5 (base 9) in base 11?
-5
What is -98 (base 14) in base 9?
-158
What is -3 (base 5) in base 13?
-3
What is 0 (base 5) in base 7?
0
What is 5 (base 7) in base 2?
101
34 (base 9) to base 16
1f
What is 10 (base 7) in base 13?
7
What is 7 (base 10) in base 7?
10
What is -22 (base 5) in base 14?
-c
-4 (base 11) to base 7
-4
Convert 3 (base 8) to base 4.
3
Convert -152 (base 10) to base 9.
-178
What is -11 (base 2) in base 5?
-3
Convert -d (base 16) to base 6.
-21
What is -11121 (base 4) in base 5?
-2340
Convert 1 (base 2) to base 9.
1
Convert -34 (base 16) to base 15.
-37
4 (base 5) to base 12
4
What is -1 (base 12) in base 10?
-1
-13 (base 9) to base 12
-10
-15 (base 12) to base 2
-10001
Convert 2323 (base 4) to base 2.
10111011
Convert -8 (base 15) to base 7.
-11
Convert 108 (base 9) to base 5.
324
What is -67 (base 8) in base 7?
-106
Convert 100 (base 2) to base 9.
4
-21 (base 4) to base 15
-9
What is -5 (base 6) in base 16?
-5
17 (base 14) to base 6
33
Convert 2 (base 13) to base 9.
2
-5 (base 9) to base 4
-11
What is -21 (base 4) in base 12?
-9
24 (base 6) to base 5
31
Convert f (base 16) to base 5.
30
Convert 134 (base 10) to base 3.
11222
Convert -a0 (base 12) to base 6.
-320
Convert -11 (base 4) to base 14.
-5
What is 43 (base 14) in base 12?
4b
2010 (base 5) to base 6
1103
Convert 19 (base 11) to base 14.
16
What is -26 (base 7) in base 6?
-32
Convert -a (base 12) to base 7.
-13
-14 (base 5) to base 16
-9
Convert 2 (base 14) to base 4.
2
44 (base 5) to base 6
40
What is -10110011 (base 2) in base 10?
-179
-15 (base 8) to base 3
-111
What is -b (base 15) in base 2?
-1011
15 (base 6) to base 14
b
Convert -3 (base 15) to base 4.
-3
What is 4 (base 9) in base 8?
4
-23 (base 6) to base 3
-120
33 (base 11) to base 13
2a
What is -4 (base 12) in base 13?
-4
What is 105 (base 10) in base 14?
77
-221 (base 3) to base 11
-23
What is 26 (base 14) in base 3?
1021
Convert 1 (base 9) to base 3.
1
Convert -16 (base 9) to base 13.
-12
Convert 8 (base 12) to base 16.
8
Convert -522 (base 8) to base 11.
-288
Convert -242 (base 6) to base 4.
-1202
What is -13 (base 10) in base 6?
-21
What is -3 (base 6) in base 10?
-3
22 (base 15) to base 4
200
What is 68 (base 12) in base 8?
120
1 (base 11) to base 6
1
Convert 0 (base 11) to base 16.
0
b (base 12) to base 2
1011
What is -109 (base 14) in base 6?
-541
17 (base 9) to base 10
16
Convert -232 (base 5) to base 8.
-103
What is -8 (base 10) in base 8?
-10
What is -1113 (base 4) in base 5?
-322
What is 1 (base 7) in base 13?
1
What is -3 (base 10) in base 6?
-3
What is -1b9 (base 13) in base 3?
-102220
82 (base 13) to base 11
97
Convert -27 (base 12) to base 11.
-29
Convert -78 (base 11) to base 8.
-125
What is 111 (base 2) in base 11?
7
5d (base 16) to base 10
93
What is 2 (base 4) in base 12?
2
What is -11 (base 6) in base 14?
-7
Convert 1101 (base 5) to base 13.
b8
What is 10 (base 2) in base 16?
2
-4 (base 6) to base 16
-4
What is -10 (base 11) in base 16?
-b
-2202 (base 3) to base 14
-54
-4 (base 8) to base 9
-4
What is 11 (base 6) in base 3?
21
Convert -210 (base 6) to base 3.
-2220
Convert -5 (base 7) to base 2.
-101
What is -14 (base 5) in base 6?
-13
Convert -110100 (base 2) to base 10.
-52
Convert -10 (base 4) to base 11.
-4
-22 (base 9) to base 5
-40
What is 21 (base 4) in base 8?
11
What is 8 (base 9) in base 3?
22
Convert 5 (base 13) to base 16.
5
Convert -320 (base 4) to base 12.
-48
10 (base 5) to base 9
5
Convert -10 (base 13) to base 4.
-31
What is -1201 (base 4) in base 3?
-10121
-c4 (base 13) to base 8
-240
4 (base 7) to base 15
4
29 (base 16) to base 8
51
Convert -62 (base 16) to base 12.
-82
What is -32 (base 10) in base 5?
-112
10 (base 3) to base 11
3
What is 30 (base 5) in base 4?
33
What is 102 (base 3) in base 13?
b
Convert 252 (base 12) to base 16.
15e
What is 6 (base 10) in base 16?
6
24 (base 5) to base 7
20
Convert -64 (base 8) to base 10.
-52
-13 (base 7) to base 14
-a
What is -13 (base 11) in base 8?
-16
What is -35 (base 6) in base 3?
-212
4 (base 10) to base 15
4
Convert -3 (base 8) to base 13.
-3
Convert 1 (base 6) to base 11.
1
-2 (base 4) to base 11
-2
Convert 6 (base 10) to base 15.
6
Convert -5 (base 6) to base 13.
-5
What is b (base 13) in base 3?
102
-1 (base 16) to base 11
-1
Convert 1 (base 14) to base 12.
1
Convert 26 (base 12) to base 9.
33
Convert -66 (base 15) to base 4.
-1200
What is 11020 (base 3) in base 15?
79
Convert 11020 (base 3) to base 7.
222
-3 (base 4) to base 10
-3
What is 4 (base 7) in base 6?
4
Convert 17 (base 8) to base 16.
f
What i